base 14) in base 3?
12101101002002
-4453403 (base 6) to base 5
-24200003
What is -47d36 (base 14) in base 10?
-175468
1d55a5 (base 15) to base 10
1435655
21d7c (base 14) to base 10
82234
1218152 (base 9) to base 5
132141220
-a59a559 (base 11) to base 2
-1000111001101010001110101
13155514 (base 9) to base 15
87cec4
541d5e (base 15) to base 9
7474778
What is -10202121121 (base 3) in base 14?
-1cdd3
What is 1204663 (base 7) in base 10?
152974
Convert 17833a3 (base 11) to base 4.
23201123203
Convert 1176039 (base 11) to base 9.
3753571
What is -6236a (base 15) in base 2?
-1001011111111101011
-123309 (base 12) to base 13
-a490a
Convert 100eb0 (base 15) to base 9.
1382183
Convert -102013100220 (base 4) to base 13.
-ca3380
13655403 (base 9) to base 2
11001110100011011101011
What is 102431030 (base 6) in base 15?
25ab39
What is -435034 (base 7) in base 12?
-380b7
What is 1101100111001000 (base 2) in base 8?
154710
-287a061 (base 13) to base 5
-11242032223
Convert -159bb3 (base 13) to base 12.
-21a144
Convert 100010000010000010111 (base 2) to base 9.
2078635
Convert 1110011110001110111 (base 2) to base 15.
957a6
-231008 (base 12) to base 14
-10894c
Convert 496619 (base 10) to base 15.
9c22e
Convert 21102000202 (base 3) to base 6.
3043032
What is -1100100110011110001 (base 2) in base 6?
-12503345
Convert 4c4b1 (base 16) to base 9.
525588
-319549 (base 16) to base 5
-1312440411
What is 12022010210 (base 3) in base 13?
3865b
What is -11567157 (base 8) in base 12?
-a30613
-2651604 (base 8) to base 2
-10110101001110000100
Convert 3000131101 (base 5) to base 12.
1b699a6
1041161 (base 7) to base 2
11111001011001000
What is 33501102 (base 6) in base 4?
3320300132
What is -1580014 (base 10) in base 6?
-53510514
56185 (base 14) to base 7
1526625
What is 11003101 (base 4) in base 9?
31337
What is 15c43 (base 13) in base 11?
29305
Convert -122022102000221 (base 3) to base 10.
-9200005
1110111011001101011 (base 2) to base 11
304497
Convert -20120020202221 (base 3) to base 13.
-951cc7
What is 100010000000001010100110 (base 2) in base 8?
42001246
Convert 1551018 (base 11) to base 7.
31351642
Convert 10010110202 (base 3) to base 10.
61580
25b779 (base 16) to base 14
484b33
141625652 (base 7) to base 16
8daad8
Convert -403cb (base 13) to base 2.
-11100000011100110
What is -123222103 (base 4) in base 9?
-182367
1213311300 (base 4) to base 8
1476560
Convert -127348 (base 10) to base 3.
-20110200121
Convert -23e63 (base 15) to base 5.
-12131433
-120031003 (base 4) to base 7
-562015
Convert 30552660 (base 8) to base 10.
6477232
-10a616 (base 14) to base 3
-1001210001000
What is -14977 (base 16) in base 9?
-137624
What is b4511 (base 13) in base 16?
4f0ea
-1264 (base 13) to base 3
-10120221
What is 1304442 (base 6) in base 9?
117368
Convert 1a0716a (base 15) to base 7.
320365600
What is 2507 (base 12) in base 11?
3163
What is 253310432 (base 6) in base 16?
4b2114
1363560 (base 10) to base 15
1be040
22020010002 (base 3) to base 8
474201
What is -1000110000000011011 (base 2) in base 14?
-766dd
Convert 1232132003 (base 4) to base 6.
13410455
Convert 2461230 (base 7) to base 13.
b160c
-111001111011100000 (base 2) to base 6
-5030304
Convert -127760 (base 10) to base 2.
-11111001100010000
-126660223 (base 7) to base 13
-19235aa
Convert 143b6 (base 15) to base 3.
10022010100
What is 314881 (base 10) in base 7?
2451010
-1111100012 (base 3) to base 11
-20105
Convert -86a10 (base 15) to base 3.
-210201102220
Convert -20200076 (base 8) to base 13.
-b61c6a
Convert 5362234 (base 7) to base 6.
22003121
Convert 11101100000011110 (base 2) to base 16.
1d81e
Convert -2042301 (base 9) to base 3.
-2001102100001
Convert ba2b1 (base 13) to base 10.
336623
Convert -316001 (base 8) to base 7.
-616334
What is 142651 (base 9) in base 15?
1acdd
-8011316 (base 9) to base 2
-10000001111110100000100
Convert -346533 (base 7) to base 9.
-104470
What is -24345 (base 14) in base 11?
-60506
Convert -312200223 (base 4) to base 16.
-3682b
101212020102 (base 3) to base 2
110100001100001010
What is -2b8567 (base 12) in base 4?
-2310300133
Convert 1082b9 (base 12) to base 16.
403ad
Convert 33011032 (base 5) to base 14.
74ac1
1010110111110111000 (base 2) to base 14
93ba8
Convert 3a24a27 (base 11) to base 14.
cd2b70
Convert 1020222413 (base 5) to base 3.
10222120022001
-27e715 (base 15) to base 10
-1921970
Convert 1b64ef (base 16) to base 2.
110110110010011101111
What is -208162 (base 12) in base 15?
-a193b
What is -11202120002 (base 3) in base 11?
-6445a
57774634 (base 8) to base 11
7113554
What is 11403323 (base 5) in base 3?
12102101100
Convert -11450260 (base 7) to base 8.
-3711225
-c6546 (base 13) to base 11
-22409a
What is -1554b7 (base 14) in base 8?
-2656171
Convert -446341 (base 8) to base 15.
-2ea03
Convert 2351652 (base 13) to base 10.
10913580
Convert a35c81 (base 14) to base 8.
25011051
10101101100010111010 (base 2) to base 10
710842
-60331 (base 10) to base 6
-1143151
What is -53472 (base 11) in base 16?
-12fc1
-105322310 (base 6) to base 15
-28495c
What is -31013212022 (base 4) in base 2?
-1101000111100110001010
-124345323 (base 6) to base 4
-21113210103
What is 5074800 (base 9) in base 7?
32002146
What is 1202200111011 (base 3) in base 5?
220013303
-1180617 (base 12) to base 4
-30332131303
Convert 7713d (base 14) to base 16.
46673
4b7ddc (base 16) to base 13
1042b8a
Convert a4994 (base 12) to base 2.
110100101010000000
-95b8b3 (base 14) to base 13
-10841b8
-255345 (base 7) to base 11
-32775
What is -221021332 (base 4) in base 14?
-45610
What is -324006 (base 12) in base 10?
-794886
What is -c37c6 (base 13) in base 15?
-6dd7d
Convert 581eb9 (base 16) to base 3.
101212101212010
What is 11143012040 (base 5) in base 7?
210663436
Convert 9d8e2 (base 15) to base 4.
1322130020
What is -394e16 (base 15) in base 4?
-22133133111
Convert -22b43a (base 13) to base 9.
-1486122
What is 43735101 (base 8) in base 6?
533520001
Convert -5328117 (base 9) to base 11.
-1679893
What is 38526 (base 9) in base 5?
1312234
Convert 20121112001 (base 3) to base 11.
89860
What is 870412 (base 10) in base 5?
210323122
Convert 3895 (base 11) to base 12.
2b21
What is -649d5d (base 14) in base 10?
-3407935
What is 10120002001 (base 4) in base 5?
243201014
1288424 (base 12) to base 2
1101111110100001011100
-1a61b8 (base 12) to base 5
-104414334
What is 8bc6 (base 16) in base 5?
2121112
Convert -872448 (base 10) to base 14.
-189d3a
Convert -11111010010101100 (base 2) to base 16.
-1f4ac
Convert -3155325 (base 6) to base 4.
-211330211
7295 (base 16) to base 8
71225
What is 21958c5 (base 14) in base 12?
5417019
402a4 (base 13) to base 14
2db40
-100011000110101010 (base 2) to base 9
-238212
-24322032 (base 5) to base 3
-102200000021
Convert -232213324 (base 5) to base 13.
-2abac5
Convert -100110010001110100 (base 2) to base 8.
-462164
Convert 150bd85 (base 15) to base 9.
31578388
What is 4057670 (base 8) in base 6?
34555544
31332201 (base 4) to base 6
1121013
What is 11332111320 (base 4) in base 6?
53322200
What is 368631 (base 11) in base 13?
175127
Convert c6bb (base 15) to base 12.
203a2
What is 466043 (base 8) in base 2?
100110110000100011
-15fe5a (base 16) to base 13
-3b60a8
Convert -158a53 (base 11) to base 13.
-88084
13032233133 (base 4) to base 12
774a53
Convert -362737 (base 12) to base 16.
-d5b9b
What is 1021211202201 (base 3) in base 4?
2213123323
What is 10a30a (base 12) in base 9?
445571
194771 (base 12) to base 6
13301021
1307470 (base 8) to base 3
200111210020
-2c6dec (base 16) to base 13
-7ac41a
Convert -183752 (base 10) to base 14.
-4ad72
Convert -1273770 (base 8) to base 2.
-1010111011111111000
What is 8438d3 (base 15) in base 8?
27774327
What is -11b770 (base 12) in base 7?
-2314341
Convert 223210023 (base 4) to base 12.
87323
-32311223 (base 6) to base 14
-1ad1dd
Convert -279072 (base 10) to base 14.
-739ba
What is -2030142 (base 9) in base 7?
-12126341
Convert -a8d60 (base 14) to base 11.
-25a106
What is 311103211 (base 4) in base 14?
597db
What is -1093553 (base 10) in base 15?
-169038
138487 (base 11) to base 14
58b0d
-2002335 (base 9) to base 13
-2b3766
221122211101 (base 3) to base 7
4202341
Convert 101443101 (base 6) to base 10.
1763245
Convert -13cc741 (base 14) to base 10.
-9638357
111011010001111100 (bas